the greatest common divisor of 3968 and 372.
124
What is the greatest common divisor of 195 and 1040?
65
What is the highest common factor of 123 and 21?
3
What is the greatest common factor of 45 and 198?
9
Calculate the highest common factor of 39 and 129.
3
What is the highest common factor of 13184 and 206?
206
Calculate the highest common factor of 572 and 364.
52
Calculate the highest common divisor of 75 and 50.
25
What is the highest common factor of 15 and 3840?
15
What is the greatest common divisor of 79 and 36182?
79
Calculate the greatest common factor of 3318 and 294.
42
Calculate the greatest common factor of 789 and 526.
263
What is the highest common divisor of 39 and 624?
39
Calculate the greatest common divisor of 888 and 24.
24
What is the highest common divisor of 5955 and 135?
15
What is the greatest common factor of 3 and 2775?
3
What is the greatest common factor of 409 and 1?
1
Calculate the highest common divisor of 5 and 250.
5
What is the highest common factor of 6759 and 9?
9
Calculate the greatest common factor of 4620 and 240.
60
What is the greatest common divisor of 1810 and 30?
10
Calculate the greatest common factor of 9 and 1227.
3
Calculate the highest common divisor of 6 and 258.
6
Calculate the greatest common divisor of 1813 and 74.
37
Calculate the highest common factor of 683 and 9.
1
Calculate the greatest common divisor of 493 and 29.
29
What is the greatest common factor of 6 and 5082?
6
Calculate the greatest common factor of 10 and 2225.
5
Calculate the highest common divisor of 368 and 1978.
46
Calculate the greatest common factor of 1938 and 34.
34
What is the highest common factor of 4828 and 781?
71
Calculate the highest common divisor of 19 and 133.
19
Calculate the greatest common divisor of 2000 and 272.
16
Calculate the highest common divisor of 496 and 80.
16
Calculate the highest common divisor of 800 and 600.
200
Calculate the highest common factor of 29 and 3161.
29
Calculate the greatest common divisor of 3944 and 34.
34
What is the highest common factor of 513 and 57?
57
Calculate the greatest common divisor of 247 and 8216.
13
What is the greatest common divisor of 57 and 817?
19
What is the greatest common divisor of 512 and 16?
16
Calculate the greatest common divisor of 243 and 36.
9
Calculate the highest common divisor of 126 and 13734.
126
What is the highest common factor of 172 and 59340?
172
What is the greatest common divisor of 16 and 8?
8
What is the greatest common divisor of 38 and 57?
19
What is the greatest common factor of 112 and 392?
56
What is the highest common divisor of 117 and 5187?
39
Calculate the highest common factor of 832 and 117.
13
What is the highest common divisor of 66 and 21?
3
What is the greatest common divisor of 1104 and 8?
8
What is the highest common divisor of 7 and 3808?
7
What is the highest common factor of 6 and 24?
6
What is the greatest common factor of 294 and 126?
42
Calculate the highest common factor of 31 and 3503.
31
What is the greatest common factor of 360 and 450?
90
Calculate the highest common divisor of 1581 and 2040.
51
Calculate the greatest common factor of 14 and 812.
14
Calculate the highest common divisor of 130 and 6810.
10
What is the highest common factor of 86 and 9030?
86
Calculate the highest common factor of 1204 and 258.
86
What is the highest common factor of 13083 and 7?
7
What is the greatest common divisor of 29 and 1189?
29
Calculate the highest common divisor of 2896 and 16.
16
Calculate the highest common factor of 15344 and 112.
112
What is the greatest common factor of 10 and 110?
10
Calculate the greatest common factor of 3 and 291.
3
Calculate the highest common factor of 546 and 130.
26
What is the greatest common divisor of 1725 and 50?
25
Calculate the highest common divisor of 50 and 6.
2
What is the highest common factor of 330 and 66?
66
What is the greatest common divisor of 15 and 7845?
15
Calculate the highest common divisor of 578 and 68.
34
Calculate the highest common factor of 93 and 651.
93
What is the highest common divisor of 5 and 62285?
5
What is the greatest common divisor of 132 and 308?
44
Calculate the highest common divisor of 912 and 56.
8
Calculate the greatest common factor of 50 and 240.
10
What is the greatest common divisor of 70 and 42?
14
Calculate the greatest common factor of 1008 and 2800.
112
What is the highest common divisor of 1305 and 315?
45
Calculate the highest common factor of 1577 and 57.
19
What is the highest common divisor of 38 and 7125?
19
What is the greatest common factor of 1820 and 4160?
260
What is the highest common factor of 3210 and 30?
30
Calculate the greatest common factor of 913 and 83.
83
Calculate the greatest common divisor of 124 and 20.
4
Calculate the greatest common factor of 11 and 594.
11
What is the greatest common divisor of 2227 and 51?
17
Calculate the greatest common divisor of 262 and 8777.
131
Calculate the greatest common divisor of 36 and 72.
36
What is the greatest common divisor of 12 and 64?
4
Calculate the highest common factor of 70 and 56.
14
What is the highest common divisor of 768 and 240?
48
Calculate the greatest common factor of 5130 and 10.
10
What is the greatest common factor of 1161 and 473?
43
Calculate the greatest common divisor of 544 and 697.
17
What is the highest common divisor of 74 and 2035?
37
Calculate the greatest common divisor of 550 and 330.
110
What is the greatest common divisor of 20 and 1860?
20
What is the greatest common divisor of 11 and 69421?
11
Calculate the greatest common divisor of 70 and 266.
14
What is the greatest common divisor of 280 and 160?
40
Calculate the highest common factor of 117 and 144.
9
What is the greatest common factor of 180 and 1584?
36
What is the highest common divisor of 3234 and 126?
42
What is the highest common divisor of 105 and 133?
7
Calculate the highest common factor of 22895 and 190.
95
What is the highest common factor of 497 and 28?
7
Calculate the highest common divisor of 150 and 174.
6
What is the highest common divisor of 8480 and 128?
32
What is the greatest common factor of 52 and 650?
26
What is the greatest common divisor of 1130 and 10?
10
What is the highest common divisor of 141 and 6?
3
What is the highest common factor of 325 and 25?
25
What is the greatest common divisor of 16 and 112?
16
Calculate the greatest common factor of 13 and 1287.
13
What is the highest common factor of 2537 and 118?
59
What is the greatest common divisor of 158 and 28598?
158
What is the greatest common factor of 779 and 19?
19
What is the highest common divisor of 63 and 2940?
21
What is the greatest common factor of 61 and 1891?
61
What is the highest common factor of 288 and 77472?
288
What is the greatest common divisor of 212 and 72?
4
What is the highest common divisor of 360 and 90?
90
What is the highest common divisor of 15411 and 33?
33
Calculate the greatest common factor of 1596 and 756.
84
What is the highest common factor of 7 and 23786?
7
Calculate the greatest common factor of 765 and 17.
17
Calculate the highest common divisor of 63 and 11634.
21
Calculate the greatest common divisor of 173 and 173.
173
What is the highest common factor of 705 and 2679?
141
What is the highest common factor of 66 and 4906?
22
What is the greatest common factor of 70 and 308?
14
What is the highest common factor of 33 and 143?
11
Calculate the greatest common divisor of 339 and 3.
3
Calculate the highest common divisor of 208 and 130.
26
Calculate the greatest common divisor of 2530 and 138.
46
What is the greatest common factor of 205 and 123?
41
Calculate the greatest common divisor of 40 and 680.
40
What is the highest common factor of 11 and 352?
11
Calculate the greatest common factor of 154 and 34342.
154
Calculate the highest common factor of 110188 and 163.
163
What is the greatest common divisor of 31 and 1?
1
What is the greatest common factor of 4509 and 334?
167
What is the highest common factor of 295 and 236?
59
Calculate the greatest common factor of 2724 and 54.
6
Calculate the highest common divisor of 24 and 108.
12
Calculate the highest common divisor of 385 and 1375.
55
What is the greatest common factor of 68 and 51?
17
What is 